ctors of 82464.
2, 3, 859
List the prime factors of 2631.
3, 877
What are the prime factors of 291?
3, 97
What are the prime factors of 98007?
3, 7, 13, 359
List the prime factors of 6221.
6221
What are the prime factors of 712?
2, 89
What are the prime factors of 1938?
2, 3, 17, 19
What are the prime factors of 121360?
2, 5, 37, 41
What are the prime factors of 6213?
3, 19, 109
List the prime factors of 3612.
2, 3, 7, 43
List the prime factors of 9726.
2, 3, 1621
List the prime factors of 31463.
73, 431
List the prime factors of 3072.
2, 3
What are the prime factors of 35304?
2, 3, 1471
List the prime factors of 6533.
47, 139
List the prime factors of 825.
3, 5, 11
What are the prime factors of 14366?
2, 11, 653
List the prime factors of 3625.
5, 29
List the prime factors of 9753.
3, 3251
List the prime factors of 130575.
3, 5, 1741
What are the prime factors of 2397?
3, 17, 47
What are the prime factors of 2375?
5, 19
List the prime factors of 1840.
2, 5, 23
List the prime factors of 1669.
1669
List the prime factors of 4310.
2, 5, 431
List the prime factors of 10316.
2, 2579
What are the prime factors of 5508?
2, 3, 17
List the prime factors of 2308.
2, 577
List the prime factors of 137.
137
What are the prime factors of 564?
2, 3, 47
List the prime factors of 47553.
3, 11, 131
What are the prime factors of 1324?
2, 331
What are the prime factors of 179151?
3, 7, 19, 449
List the prime factors of 41909.
7, 5987
What are the prime factors of 7337?
11, 23, 29
What are the prime factors of 511?
7, 73
What are the prime factors of 439?
439
What are the prime factors of 12366?
2, 3, 229
List the prime factors of 3265.
5, 653
What are the prime factors of 5297?
5297
What are the prime factors of 11153?
19, 587
What are the prime factors of 192?
2, 3
What are the prime factors of 509?
509
List the prime factors of 74966.
2, 37483
What are the prime factors of 4242?
2, 3, 7, 101
List the prime factors of 104529.
3, 34843
What are the prime factors of 74566?
2, 23, 1621
What are the prime factors of 11806?
2, 5903
List the prime factors of 52408.
2, 6551
What are the prime factors of 10716?
2, 3, 19, 47
List the prime factors of 23105.
5, 4621
List the prime factors of 5220.
2, 3, 5, 29
List the prime factors of 80903.
17, 4759
List the prime factors of 1086.
2, 3, 181
What are the prime factors of 1875?
3, 5
List the prime factors of 19139.
19139
List the prime factors of 37384.
2, 4673
List the prime factors of 24607.
11, 2237
What are the prime factors of 9368?
2, 1171
What are the prime factors of 26753?
31, 863
List the prime factors of 1125.
3, 5
List the prime factors of 23209.
23209
What are the prime factors of 69651?
3, 71, 109
What are the prime factors of 4202?
2, 11, 191
List the prime factors of 2400.
2, 3, 5
List the prime factors of 113.
113
List the prime factors of 2467.
2467
What are the prime factors of 11109?
3, 7, 23
What are the prime factors of 190311?
3, 11, 73, 79
What are the prime factors of 15069?
3, 5023
What are the prime factors of 11070?
2, 3, 5, 41
List the prime factors of 1335.
3, 5, 89
What are the prime factors of 34555?
5, 6911
List the prime factors of 6382.
2, 3191
What are the prime factors of 875?
5, 7
What are the prime factors of 154688?
2, 2417
List the prime factors of 614.
2, 307
List the prime factors of 2191.
7, 313
What are the prime factors of 63161?
7, 1289
What are the prime factors of 604?
2, 151
List the prime factors of 6243.
3, 2081
What are the prime factors of 1948?
2, 487
What are the prime factors of 2534?
2, 7, 181
What are the prime factors of 23609?
23609
List the prime factors of 16865.
5, 3373
List the prime factors of 10891.
10891
What are the prime factors of 1919?
19, 101
What are the prime factors of 550?
2, 5, 11
What are the prime factors of 872?
2, 109
What are the prime factors of 115136?
2, 7, 257
What are the prime factors of 566?
2, 283
What are the prime factors of 70299?
3, 73, 107
What are the prime factors of 159088?
2, 61, 163
What are the prime factors of 4487?
7, 641
List the prime factors of 5344.
2, 167
What are the prime factors of 58501?
19, 3079
What are the prime factors of 2739?
3, 11, 83
List the prime factors of 4092.
2, 3, 11, 31
List the prime factors of 112908.
2, 3, 97
What are the prime factors of 70?
2, 5, 7
List the prime factors of 3083.
3083
List the prime factors of 416.
2, 13
What are the prime factors of 6413?
11, 53
List the prime factors of 6844.
2, 29, 59
List the prime factors of 704.
2, 11
What are the prime factors of 14379?
3, 4793
What are the prime factors of 481?
13, 37
List the prime factors of 16952.
2, 13, 163
What are the prime factors of 5140?
2, 5, 257
List the prime factors of 26616.
2, 3, 1109
List the prime factors of 4935.
3, 5, 7, 47
List the prime factors of 4701.
3, 1567
List the prime factors of 176123.
176123
What are the prime factors of 46057?
11, 53, 79
List the prime factors of 956.
2, 239
What are the prime factors of 30829?
30829
What are the prime factors of 1017?
3, 113
List the prime factors of 2344.
2, 293
What are the prime factors of 22057?
7, 23, 137
List the prime factors of 660.
2, 3, 5, 11
What are the prime factors of 467?
467
List the prime factors of 11211.
3, 37, 101
List the prime factors of 2530.
2, 5, 11, 23
What are the prime factors of 94978?
2, 13, 281
List the prime factors of 20085.
3, 5, 13, 103
What are the prime factors of 107668?
2, 11, 2447
List the prime factors of 2587.
13, 199
List the prime factors of 1879.
1879
List the prime factors of 26436.
2, 3, 2203
What are the prime factors of 44396?
2, 11, 1009
What are the prime factors of 529?
23
What are the prime factors of 92449?
7, 47, 281
What are the prime factors of 11805?
3, 5, 787
List the prime factors of 11241.
3, 1249
List the prime factors of 1855.
5, 7, 53
List the prime factors of 25921.
7, 23
What are the prime factors of 3277?
29, 113
What are the prime factors of 2255?
5, 11, 41
List the prime factors of 1767.
3, 19, 31
List the prime factors of 8316.
2, 3, 7, 11
What are the prime factors of 2829?
3, 23, 41
What are the prime factors of 2706?
2, 3, 11, 41
What are the prime factors of 5572?
2, 7, 199
List the prime factors of 1679.
23, 73
What are the prime factors of 5948?
2, 1487
List the prime factors of 6949.
6949
What are the prime factors of 2021?
43, 47
What are the prime factors of 837?
3, 31
List the prime factors of 2453.
11, 223
What are the prime factors of 79542?
2, 3, 491
List the prime factors of 1050.
2, 3, 5, 7
What are the prime factors of 8485?
5, 1697
What are the prime factors of 12822?
2, 3, 2137
What are the prime factors of 229?
229
List the prime factors of 14229.
3, 17, 31
What are the prime factors of 25674?
2, 3, 11, 389
List the prime factors of 39331.
37, 1063
List the prime factors of 668.
2, 167
List the prime factors of 752.
2, 47
What are the prime factors of 29661?
3, 9887
List the prime factors of 58716.
2, 3, 7, 233
List the prime factors of 2129.
2129
List the prime factors of 3554.
2, 1777
List the prime factors of 534.
2, 3, 89
List the prime factors of 27738.
2, 3, 23, 67
List the prime factors of 3351.
3, 1117
List the prime factors of 9935.
5, 1987
List the prime factors of 1191.
3, 397
What are the prime factors of 980?
2, 5, 7
List the prime factors of 240.
2, 3, 5
What are the prime factors of 13248?
2, 3, 23
List the prime factors of 19132.
2, 4783
List the prime factors of 9964.
2, 47, 53
What are the prime factors of 6254?
2, 53, 59
List the prime factors of 1647.
3, 61
What are the prime factors of 9769?
9769
List the prime factors of 59670.
2, 3, 5, 13, 17
What are the prime factors of 157?
157
List the prime factors of 366.
2, 3, 61
What are the prime factors of 3296?
2, 103
List the prime factors of 1162.
2, 7, 83
List the prime factors of 53.
53
What are the prime factors of 2595?
3, 5, 173
What are the prime factors of 50758?
2, 41, 619
What are the prime factors of 1327?
1327
List the prime factors of 2601.
3, 17
What are the prime factors of 403?
13, 31
What are the prime factors of 24573?
3, 8191
List the prime factors of 90696.
2, 3, 3779
What are the prime factors of 5984?
2, 11, 17
What are the prime factors of 24835?
5, 4967
List the prime factors of 8263.